mmon divisor of h and o?
42
Suppose 51 = 6*m + 3. Let d(l) = -l**3 + 7*l**2 + 28*l - 10. Let p be d(m). Calculate the greatest common factor of 350 and p.
50
Let o be 134*(9 + (3 + -6 - 5)). Calculate the highest common divisor of o and 8174.
134
Let l be 60/14*14/4. Suppose 27 = 3*z - 0. Let f(m) = -m**2 + 8*m + 12. Let h be f(z). What is the highest common divisor of h and l?
3
Let v = 124 + -175. Let a = v + 49. Let z be (a/(-1) - -136) + 2. Calculate the highest common factor of z and 56.
28
Let n be (3/2)/(21/2156). Suppose -16*u + 27*u - n = 0. What is the greatest common divisor of u and 812?
14
Let m = 37 + -35. Suppose 3 = -2*a - 5*x + 11, -m*a + 4 = 3*x. Let v be -42*(6/7)/a - 0. What is the highest common divisor of 3 and v?
3
Let h be 10 + 3*28/(-12). Let d(v) = 142*v - 129. Let l be d(h). What is the highest common divisor of 22 and l?
11
Let c = -449 - -407. Let f be (8*15/c)/((-10)/35). Calculate the greatest common divisor of f and 185.
5
Suppose 0 = 4*p + 9 - 13. Suppose -m = p - 4. Suppose -3*t - 12 = 0, 3*t - t = -4*f + 88. What is the highest common divisor of m and f?
3
Suppose -7*j + 155 = -286. Suppose z - 10*y + 7*y = 11, 4 = 4*y. Calculate the highest common factor of z and j.
7
Let b(i) = 26*i + 2. Let c be b(-6). Let l be 4/(-8) - c/4. Let d be -4 + 2 + 36/(90/10). What is the highest common factor of l and d?
2
Let r(p) = -13*p**2 + 6*p + 41. Let m(x) = 2*x**2 + 1. Let y(k) = 6*m(k) + r(k). Let v be y(9). What is the highest common factor of 180 and v?
20
Suppose 4*y - 655 = -187. Let k(h) = -h**3 - 30*h**2 - 204*h + 113. Let u be k(-19). What is the greatest common factor of u and y?
9
Suppose -2*x = t - 622, t + 827*x = 830*x + 667. Calculate the greatest common divisor of t and 470.
10
Suppose 83 = 10*h - 67. Let c be 5/(h/478) - (-2)/3. Calculate the highest common divisor of c and 96.
32
Let b be (3/12)/(29/580). Suppose -4*f + 22 = -4*a - 1290, -2*a + 1654 = b*f. What is the highest common factor of f and 18?
6
Suppose 0 = -5*z - 6*s + s + 1170, 4*s = 5*z - 1188. Let t = -235 + z. Calculate the greatest common factor of t and 7.
1
Let l(z) = -z**3 - 6*z**2 - 7*z - 8. Let y be l(-5). Let a be 1 + 0 + 50/y. What is the highest common divisor of 130 and a?
26
Let t(y) = 9*y**3 + 3*y**2 - y - 11. Let l be t(2). Suppose 0 = l*r - 69*r - 286. What is the highest common factor of r and 52?
13
Let o(n) = -18*n - 1048. Let z be o(-61). Calculate the highest common factor of 170 and z.
10
Suppose 68*b - 72*b - 10749 = -3*z, 3*z + b - 10779 = 0. Calculate the greatest common divisor of 266 and z.
133
Let d = -42 + 51. Let b = d + 4. Suppose 158 = 4*v - 2*z, 2 = -z - z. What is the greatest common divisor of v and b?
13
Let d be -12*(-3)/(36/(-33)). Let g be (-21 - d)*((-6)/(-4))/1. What is the greatest common divisor of g and 12?
6
Let p(n) = 29*n - 319. Let k be p(11). Suppose k = -15*a + 4932 + 3678. Calculate the highest common factor of 14 and a.
14
Let p be 3420/135*(-6)/(-4). What is the greatest common factor of 10868 and p?
38
Let y(h) = -3*h**3 - 48*h**2 - 863*h - 46. Let j be y(-15). What is the greatest common factor of 191 and j?
191
Let j = -1288 + 1360. What is the highest common divisor of j and 72?
72
Suppose -1960 = -59*n + 1403. What is the highest common divisor of n and 2679?
57
Suppose 1931 = 2*u - 5*z, -4*u + 648 = -2*z - 3222. Calculate the greatest common factor of 1144 and u.
88
Suppose -1 = 2*v - 3*g, 2*v + 2*g + 6 - 30 = 0. Calculate the greatest common factor of 101 and v.
1
Let j(t) = -18 - 3*t**2 + 11*t - 4*t**2 + 7*t**2 - t**2. Let m be j(9). Suppose 5*i = n - 5, m = -0*i - 4*i + 12. What is the highest common factor of 5 and n?
5
Let p = -104 + 105. Let h(u) = 2*u**3 + 2*u**2 + u - 2. Let y be h(p). Suppose y*r + 5*r = 232. What is the highest common factor of 87 and r?
29
Let t(m) = -2*m**3 - 2*m**2 + 2*m + 46. Let x be 0/(3/((-36)/16)*-3). Let i be t(x). Calculate the greatest common divisor of i and 322.
46
Let y be (-9)/(-135) - 658/(-30). Calculate the highest common divisor of y and 671.
11
Suppose 0 = 3*r + 5*a - 164, 7*a + 242 = 4*r + 9*a. Suppose 5*j - 1580 = 5*b, -3*j + 2*b + 108 + 839 = 0. What is the highest common factor of j and r?
63
Suppose 40054 - 22361 = 17*m - 38220. What is the greatest common divisor of m and 99?
11
Suppose 780 + 48 = n. What is the highest common factor of n and 180?
36
Let m be ((-871)/26)/(46/16 + -3). Calculate the highest common factor of 4154 and m.
134
Let v = 330 + -142. Let f(y) = -2*y**2 - 81*y - 244. Let u be f(-35). What is the greatest common divisor of u and v?
47
Let m(n) = 1557*n + 698. Let i be m(3). Calculate the greatest common divisor of i and 182.
91
Let w(x) = x**3 - 89*x**2 - 7*x + 631. Let u be w(89). Let y(f) = -f**3 + 8*f**2 + 3*f - 4. Let b be y(8). What is the greatest common factor of b and u?
4
Let x(o) = -88*o - 332. Let r be x(-4). Calculate the highest common factor of r and 12600.
20
Let m be (-172)/215 - (-568)/10. Suppose 19 = l + 5*n - 33, 2*l - m = 2*n. What is the greatest common factor of 384 and l?
32
Let h(w) = 843*w**2 + 56*w + 112. Let u be h(-2). Calculate the greatest common factor of u and 12.
12
Let u = -40 + 43. Let t(i) = -i**3 + 5*i - 4. Let q be t(u). Let l = 1 - q. Calculate the greatest common factor of l and 136.
17
Suppose -4*c = -5*j - 532, 7*c + j + 548 = 11*c. Let p = -449 + 455. What is the highest common divisor of p and c?
6
Let l(t) = 204*t - 158. Let u be l(1). What is the highest common factor of 2300 and u?
46
Let r = -8 - -18. Let f(u) be the first derivative of 3*u**2/2 + 8*u + 167. Let i be f(-2). Calculate the highest common factor of i and r.
2
Let u = -17218 - -17386. What is the greatest common factor of u and 13216?
56
Let w be (2 + -4)/(2/(-3)). Let x be ((-3068)/182 - -16)*-28. Calculate the highest common divisor of w and x.
3
Suppose -4*b - 14 = -2*f - 26, -3*f + 3*b + 9 = 0. Let g = 316 - -68. Calculate the highest common factor of g and f.
12
Suppose -n = 18 - 55. Suppose -3*k - 4 + n = 0. Suppose g - k = 84. What is the highest common divisor of g and 38?
19
Let u = -31 + 115. Let k = u + -30. Let r = k - 37. Calculate the greatest common divisor of 17 and r.
17
Suppose 539*t - 528*t - 1155 = 0. What is the greatest common factor of t and 560?
35
Suppose -6*q + 8*q = 2*t - 4682, -3*t - 3*q = -7053. Calculate the greatest common divisor of t and 621.
69
Suppose 7568 = 185*j - 11149 - 37893. Calculate the greatest common factor of 102 and j.
102
Let f(b) = 2*b**2 - 32*b - 12. Let p be f(23). Suppose 0 = -3*j + 5*c + 387, -5*j - 4*c + 605 = c. What is the greatest common divisor of j and p?
62
Let s = 20136 + -18174. What is the greatest common factor of 90 and s?
18
Let c = 57 - 39. Let a(k) = 6*k + 281. Let w be a(-46). Suppose 5*i - 298 = -3*o + 329, 0 = w*o + 5. Calculate the greatest common divisor of c and i.
18
Let d be -5 + 6 - 8 - -26. Suppose 5*b = -y + 202 + 121, 0 = 4*b. What is the greatest common factor of d and y?
19
Let u be 2/(-16)*6*-4. Suppose -c - n + 610 = 0, 0 = u*c - 5*n - 0*n - 1814. Suppose 5*i + 38 = c. Calculate the greatest common divisor of i and 76.
38
Suppose -1110 = -4*q - 3*w, q - w - 270 = 2*w. Calculate the greatest common factor of q and 48.
12
Let b = 2206 + -2158. Calculate the highest common divisor of b and 464.
16
Let n = -2946 - -7704. What is the highest common factor of 78 and n?
78
Let p(h) = -7*h + 8. Let s be p(-6). Let z(l) = -l**3 + 35*l**2 - 150*l + 300. Let c be z(30). What is the greatest common factor of c and s?
50
Suppose 2*y - 5*w + 4 = -1, 40 = 5*y + 5*w. Suppose -s + a + 30 = -a, -63 = -2*s + y*a. Calculate the highest common factor of 42 and s.
6
Let y = 71299 - 46417. Calculate the greatest common factor of y and 174.
174
Let f(h) = -h**3 + 15*h**2 + 61*h - 538. Let z be f(14). Calculate the greatest common factor of 28 and z.
4
Let u = 861 + -31. What is the greatest common divisor of u and 30?
10
Let g = -9311 - -12484. Calculate the highest common factor of 57 and g.
19
Let f(y) = -4*y**3 - 62*y - 7. Let m be f(-5). What is the greatest common factor of 341 and m?
11
Let b be (-14)/35 + ((-62)/(-30))/((-2)/(-12)). What is the highest common factor of b and 138?
6
Suppose 0 = 202*u + 346 - 63660 - 70006. Calcu